ighest common factor of 4548134 and 545.
109
What is the greatest common divisor of 12646 and 196057261?
6323
What is the highest common factor of 2280 and 2969240?
40
Calculate the greatest common factor of 309 and 165212.
103
Calculate the highest common divisor of 91764760 and 20600.
4120
Calculate the highest common factor of 18350964 and 39405.
111
Calculate the greatest common divisor of 33429050 and 75.
25
What is the highest common factor of 457434 and 17233560?
10638
Calculate the highest common divisor of 443205 and 7385.
35
What is the greatest common factor of 203000 and 537250?
1750
What is the highest common divisor of 43750 and 6652100?
350
Calculate the highest common divisor of 173178520 and 32.
8
What is the greatest common factor of 37943991 and 135?
27
What is the highest common divisor of 280 and 8436015?
35
Calculate the highest common factor of 484415 and 1105.
85
What is the highest common factor of 225 and 2980925?
25
Calculate the greatest common factor of 56 and 5542736.
8
What is the highest common factor of 309 and 8226816?
309
What is the greatest common divisor of 1521996 and 966?
42
What is the highest common factor of 25279369 and 3151?
23
What is the greatest common divisor of 36508860 and 23868?
1836
What is the highest common factor of 27 and 55102833?
9
What is the highest common divisor of 14517756 and 26840?
2684
What is the highest common factor of 3400686 and 54?
18
What is the highest common divisor of 244 and 7880956?
244
What is the greatest common divisor of 13659765 and 2870?
1435
Calculate the greatest common factor of 12906933 and 14651.
299
What is the highest common divisor of 18 and 12597822?
18
What is the greatest common divisor of 516 and 243432?
12
What is the greatest common divisor of 88627 and 31124191?
8057
Calculate the greatest common factor of 45703490 and 762.
254
What is the highest common factor of 116983 and 2299?
19
Calculate the greatest common factor of 297865 and 419840.
205
What is the highest common divisor of 14190 and 57466920?
1290
Calculate the highest common divisor of 9228 and 14492574.
4614
Calculate the highest common factor of 945 and 473235.
105
What is the greatest common divisor of 35 and 6188917?
7
What is the greatest common divisor of 267254 and 2574?
26
What is the greatest common factor of 47462048 and 15220?
3044
Calculate the greatest common factor of 807018 and 366.
6
Calculate the highest common factor of 745279 and 423.
47
Calculate the greatest common factor of 14051632 and 49.
49
Calculate the highest common factor of 110500 and 1900.
100
Calculate the highest common factor of 47062112 and 7576.
7576
What is the greatest common divisor of 26095 and 24463?
17
What is the highest common divisor of 298845 and 31581?
261
Calculate the greatest common divisor of 9765 and 17633637.
1953
Calculate the highest common factor of 6861 and 2440229.
2287
What is the highest common divisor of 57 and 33387?
3
What is the greatest common factor of 22508 and 4573?
17
What is the highest common divisor of 984646 and 3276?
26
What is the greatest common factor of 111168 and 2322?
18
What is the greatest common divisor of 16264 and 258113746?
4066
What is the greatest common factor of 26625263 and 77?
7
What is the highest common divisor of 58 and 913435591?
29
What is the highest common divisor of 75449 and 71269?
209
What is the highest common divisor of 1206816 and 3952?
208
Calculate the highest common factor of 1247186 and 1917.
71
What is the highest common factor of 1992180 and 96?
12
Calculate the greatest common factor of 3478 and 22413454.
94
Calculate the highest common factor of 8624749 and 379421.
5663
Calculate the greatest common factor of 258447 and 595014.
651
Calculate the greatest common divisor of 1712748 and 16854.
318
Calculate the highest common divisor of 8257590 and 256410.
990
Calculate the greatest common divisor of 76570286 and 65.
13
What is the greatest common divisor of 185682 and 56728?
14
Calculate the greatest common factor of 8790 and 52499154.
1758
Calculate the greatest common divisor of 28210190 and 230.
230
Calculate the greatest common divisor of 584 and 43627939.
73
What is the greatest common divisor of 1859130 and 16695?
315
Calculate the highest common divisor of 315333764 and 356.
356
Calculate the greatest common divisor of 41238 and 4663548.
522
Calculate the highest common factor of 34560 and 865440.
1440
What is the greatest common divisor of 723 and 264354?
3
What is the highest common factor of 5773 and 446529?
251
What is the highest common divisor of 322433325 and 2925?
225
Calculate the greatest common divisor of 21591197 and 843.
281
What is the highest common factor of 42300 and 205866?
18
Calculate the highest common divisor of 497 and 2409316343.
497
What is the greatest common factor of 136 and 28767213?
17
What is the greatest common factor of 24400 and 808616?
488
Calculate the highest common divisor of 4822469 and 111.
37
Calculate the greatest common factor of 665044 and 418700.
212
What is the highest common factor of 123249 and 10689?
21
What is the greatest common divisor of 3914 and 141550?
38
What is the greatest common divisor of 22432166 and 284?
142
What is the highest common factor of 448403 and 39701?
37
What is the highest common divisor of 1470 and 4523022?
42
What is the greatest common factor of 22119 and 593709?
219
Calculate the greatest common divisor of 148 and 6569572.
148
What is the greatest common divisor of 110504080 and 560?
80
Calculate the greatest common factor of 58754 and 527773.
1013
What is the highest common factor of 12 and 840291?
3
What is the highest common divisor of 98189169 and 19266?
9633
Calculate the highest common divisor of 90681 and 78735.
543
What is the greatest common divisor of 211085121 and 2847?
2847
What is the highest common divisor of 59361 and 2427?
3
Calculate the greatest common factor of 8188 and 2315548.
92
What is the greatest common factor of 270495952 and 8?
8
Calculate the highest common divisor of 67392 and 29679.
39
What is the highest common divisor of 5776289 and 3611?
23
Calculate the highest common factor of 6979450 and 110.
10
What is the highest common divisor of 1112455 and 34?
1
Calculate the greatest common divisor of 315 and 308544180.
105
Calculate the greatest common divisor of 459 and 5022351.
27
Calculate the greatest common factor of 265105 and 5365.
185
What is the highest common divisor of 247854 and 70902?
606
Calculate the greatest common divisor of 90 and 6311370.
30
What is the greatest common factor of 876513 and 1353?
33
What is the greatest common factor of 66432 and 2763?
3
What is the greatest common factor of 47 and 222043839?
47
What is the greatest common divisor of 205 and 20756045?
205
What is the highest common divisor of 19564049 and 689?
53
Calculate the greatest common factor of 5655416 and 470.
94
Calculate the highest common factor of 430376 and 1633.
23
What is the greatest common divisor of 3069 and 6722595?
99
What is the highest common factor of 3464 and 19632?
8
What is the greatest common divisor of 1124145455 and 5?
5
Calculate the highest common factor of 15190 and 30670.
10
Calculate the highest common divisor of 125364 and 51900.
12
What is the greatest common factor of 1375 and 3646050?
25
Calculate the greatest common factor of 107956849 and 36673.
2821
Calculate the greatest common divisor of 5442544 and 2144.
1072
What is the highest common factor of 7076 and 13057172?
244
What is the greatest common divisor of 993 and 28092301?
331
What is the highest common factor of 1412 and 98979788?
1412
Calculate the greatest common factor of 122688 and 641088.
1728
What is the greatest common factor of 99 and 39929373?
99
Calculate the greatest common factor of 39491 and 63614.
17
Calculate the greatest common divisor of 22429 and 10879.
11
Calculate the greatest common divisor of 11 and 709650469.
11
Calculate the highest common divisor of 11105 and 5286946135.
11105
Calculate the highest common factor of 690 and 272458.
46
What is the greatest common factor of 35200 and 115456?
1408
Calculate the greatest common factor of 10573 and 5232.
109
Calculate the highest common factor of 14016089 and 2.
